 is the highest common divisor of i and h?
10
Let x be (0 - -2 - 3)/1. Let k be 5 - (-1 + x + 1). Let u be -8*(-4)/3*k. What is the greatest common divisor of u and 8?
8
Suppose 2*i = -i + 12. Let a be (-4)/(-6) - 16/24. Suppose 5*j - 33 - 47 = a. What is the greatest common factor of j and i?
4
Suppose -2*b = y - 16, 41 + 18 = 5*y + 3*b. What is the highest common divisor of 2 and y?
2
Let g(k) = k**3 - k**2 - 4*k - 3. Let c be g(-2). Let i(x) = -19*x + 10. Let n be i(c). Calculate the highest common factor of n and 13.
13
Suppose 0*y = -y + 2. Suppose y*a - 3 = -1. Suppose 0 = 4*s - 3*s - a. Calculate the highest common factor of s and 9.
1
Let j(g) = g + 1. Let l(c) = -6*c - 7. Let o(a) = 2*j(a) + l(a). Let w be o(-4). Let b = 21 - w. Calculate the highest common divisor of 10 and b.
10
Suppose 4*w + 4*u = 2*w + 22, -3*u = 2*w - 22. Calculate the greatest common factor of w and 11.
11
Let k = 35 - 28. Calculate the greatest common factor of 7 and k.
7
Let u be 3/(-8) - (-227)/8. What is the highest common factor of u and 28?
28
Let g = 45 + 11. What is the highest common divisor of g and 14?
14
Suppose 0*m + 4*m = -16. Let s be (m/(-6))/((-10)/165). Let y = -4 - s. Calculate the greatest common factor of 56 and y.
7
Let v = 55 + -31. Suppose 23*i + 45 = v*i. What is the greatest common divisor of 5 and i?
5
Let x be -1 + (-3 - -6) - -2. Suppose 2*i - x*t = 40, -t = i - 12 - 2. Calculate the highest common divisor of 2 and i.
2
Let f(y) = -56*y - 3. Let j be f(-2). Suppose 3*k = j + 116. Calculate the greatest common divisor of k and 30.
15
Suppose 2*z - 235 = -4*o - 3*z, -4*z = 4. Suppose 5*g = -f + 204, -3*g = -2*f - 25 - 87. What is the highest common factor of o and g?
20
Let w = 16 - 8. Suppose -3*o + w*o - 120 = 0. What is the highest common divisor of 60 and o?
12
Let m be (-4)/(-3) - (-2)/3. Let u be 39 + 3 + m + -4. What is the greatest common factor of u and 10?
10
Suppose -5*i + h + 14 = -2*i, -6 = 3*h. Suppose -2*r + 2*a + 14 = 0, -4*a + 8 = i*r - 2*r. Calculate the greatest common divisor of r and 24.
6
Let g(r) = -5*r - 7. Let d(k) = 2*k + 3. Let f(j) = 7*d(j) + 3*g(j). Let o be f(-9). Calculate the highest common divisor of o and 3.
3
Let u be (-6)/(-6) - (2*-6 - -2). Calculate the highest common factor of 55 and u.
11
Let w be (-8)/2 + 8 - -14. What is the greatest common divisor of w and 144?
18
Let g = -15 + 5. Let o be 6/(-15) + (-44)/g. Calculate the greatest common factor of o and 36.
4
Let t = -93 - -97. What is the highest common factor of t and 44?
4
Let u = 153 + -104. Let i = u - -50. Calculate the highest common divisor of i and 11.
11
Let h(x) = -x**3 + 5*x**2 + 6*x - 3. Let c be h(6). Let m = -8 + 14. Let l be (-3 + m)*(-10)/c. What is the highest common divisor of 70 and l?
10
Suppose 0 = o + 5, 2*n + 92 = -0*n - 4*o. Let w be 1/((3/3)/101). Let l = n + w. What is the highest common divisor of l and 26?
13
Suppose -2*f + 8*f = 78. Calculate the greatest common divisor of 13 and f.
13
Suppose 9*i - 97 = -5*v + 5*i, -i = 3*v - 61. Calculate the greatest common divisor of 14 and v.
7
Suppose -2*a - q + 38 = 0, 4*q + 12 = a + 2. Let s be a + 2 + -2 - -2. What is the greatest common divisor of 4 and s?
4
Suppose h = -0*h + 24. Suppose -l + 26 = -2*c, 3*c - 13 = 3*l - 76. What is the highest common factor of l and h?
8
Let z = -5 - -8. Let t = z + 13. Let g be ((-8)/20)/(1/(-320)). Calculate the highest common factor of g and t.
16
Let o be (4 + 0 + -72)*-2. What is the highest common factor of o and 17?
17
Suppose -5*m + 48 = -m. Suppose -3*x - 62 = -2*j, -4*x - 148 = -4*j - j. Let a = j + -4. Calculate the greatest common factor of a and m.
12
Let z be (-1)/4*2*-6. Suppose g - 2*a - 678 = -z*g, 348 = 2*g - 4*a. Suppose p = 5*p - g. Calculate the highest common factor of 6 and p.
6
Let v be 48*(-2 - 15/(-6)). Let d(y) = -9*y**3 - 3*y**2 - y - 2. Let t be d(-2). What is the highest common factor of v and t?
12
Let u = 7 + -2. Let l = -3 + u. What is the greatest common divisor of 3 and l?
1
Suppose 0 = -f - 0*f + 5*t - 10, -5*t + 70 = 3*f. What is the greatest common divisor of 5 and f?
5
Suppose 28 = -3*s + 46. What is the greatest common divisor of 42 and s?
6
Let s = 65 - 2. Let n(i) = 11*i - 1. Let k be n(2). Calculate the highest common divisor of k and s.
21
Let m(b) = -9 - 2 - 4*b**2 + 5*b**2 + 8*b. Suppose 3 = 3*r, -c + r - 9 = 2*r. Let d be m(c). What is the highest common factor of d and 27?
9
Let m be 18/4*16/6. Let b(k) = -5*k - 1. Let t be b(-1). Suppose 5*a - 3*d = a + 282, d - 290 = -t*a. Calculate the highest common factor of m and a.
12
Suppose 0*u - 4*u + 336 = 0. What is the greatest common factor of u and 21?
21
Suppose -3*v + 2*v + 2 = 0. Let s(m) = 3*m**2 + 2*m - 3. Let f be s(v). Calculate the highest common divisor of 39 and f.
13
Let j = -22 - -36. Calculate the greatest common factor of 98 and j.
14
Let u be ((-36)/(-72))/(1/26). Calculate the highest common divisor of u and 13.
13
Suppose 5*y + 2*j = 10, -6*y + 2*y = 3*j - 1. Suppose -541 = -5*t + y*x, -2*t + 2*x = -164 - 54. Calculate the greatest common factor of t and 15.
15
Suppose 7 + 103 = 5*p. Calculate the highest common divisor of 99 and p.
11
Suppose 0 = 2*n + 12 - 0. Let v be (-1)/5 + (-18)/10. Let g = v - n. What is the greatest common divisor of 28 and g?
4
Suppose 2*g = -3*w + 5*g, -3*g = w + 16. Let q(h) = -8*h + 4. Let u be q(w). Calculate the highest common factor of u and 90.
18
Suppose 5*d = 2*d - m + 26, 48 = 5*d - 3*m. Calculate the highest common divisor of d and 72.
9
Let g = 87 - 48. Suppose 0 = 4*f - 5*x - 99, -4*x - 25 = -f - 3*x. Calculate the greatest common divisor of g and f.
13
Let x(w) = 11*w - 12. Let d be (-6 + 8)/(1/3). Let y be x(d). Calculate the highest common divisor of y and 36.
18
Suppose 34*t - 33*t - 8 = 0. Calculate the greatest common factor of 2 and t.
2
Let t be 2/(-8) + (-45)/(-4). Let m be 176*(1/(-2) - -1). What is the greatest common factor of t and m?
11
Let q(g) = -g**3 + 19. Let j be q(0). Let n be (39/6)/(1/(-2)). Let x(s) = s**2 + s + 15. Let d be x(n). Calculate the highest common divisor of d and j.
19
Let g = 38 - 37. Calculate the greatest common factor of g and 1.
1
Let j(h) = 3*h**2 - 7*h. Let w be j(5). Suppose i + 1 = 6. Suppose i*n - 8 = 4*n. Calculate the greatest common factor of n and w.
8
Let c(j) = j**2 - 6*j - 3. Let x be c(3). Let y = 6 - x. Calculate the highest common factor of 54 and y.
18
Let i = 17 - 15. What is the highest common divisor of 3 and i?
1
Suppose 4*o + 8 = 6*o. Let l be 470/15 - o/(-6). What is the highest common divisor of l and 4?
4
Suppose 0 = -23*i + 28*i - 65. Calculate the greatest common factor of 104 and i.
13
Suppose -23*u = -24*u + 16. What is the highest common divisor of 2 and u?
2
Let a be 2 + 1/((-3)/(-18)). Suppose -5*f = -2*j - 31, f = 3*j - 0*f + 66. Let b be (-1 + j)*(-1)/2. Calculate the greatest common factor of b and a.
4
Let c(v) = v**2 + 5*v + 1. Suppose 3 = b + 8. Let r be c(b). Calculate the highest common divisor of 1 and r.
1
Suppose -152 = -3*l - l. Calculate the highest common divisor of 57 and l.
19
Let b be ((-10)/(-15))/(2/138). Let q(d) = d**3 - d + 8. Let y be q(0). Let j = y + b. Calculate the highest common factor of 36 and j.
18
Suppose -4*u = 2*g - 20, 4*g - 33 - 22 = -3*u. Calculate the highest common divisor of 112 and g.
16
Let a be (16/(-12))/((-2)/(-3)). Let i be a + (1 - 81*-1). Calculate the greatest common factor of 10 and i.
10
Let u = -98 + 99. Let n(q) = -q + 2. Let d be n(0). Let f be (1/2)/(d/4). Calculate the highest common factor of u and f.
1
Let k be (0 - (-30)/9) + (-4)/(-6). Calculate the greatest common factor of 1 and k.
1
Suppose -3 = -2*r + 5, r + 12 = -4*y. Let v be 2/(-8) - 481/y. What is the highest common factor of 48 and v?
24
Suppose 0*k + 10 = 2*k. Suppose 42 = -4*m + 4*y + 178, -k*m + 130 = 5*y. Let g = m - 14. Calculate the greatest common divisor of 4 and g.
4
Let m be (-1)/(-2)*4*7. Suppose 276 = 6*b - 312. Calculate the highest common factor of m and b.
14
Let c(u) = -u**2 + 7*u + 2. Let r be (-48)/(-9) + (-1)/3. Let a be c(r). What is the greatest common factor of a and 12?
12
Let x(h) = -h**3 - 6*h**2 - 4*h + 4. Let q be x(-5). Let l be 1*12/(q/(-1)). Let j = 205 + -109. Ca